f 34521520.
2, 5, 11, 39229
What are the prime factors of 1573535176?
2, 193, 1019129
List the prime factors of 211479544.
2, 2081, 12703
List the prime factors of 470184548.
2, 137, 858001
List the prime factors of 78892420.
2, 5, 3944621
List the prime factors of 572849145.
3, 5, 11, 19, 79, 257
What are the prime factors of 92849467?
97, 957211
List the prime factors of 1093779647.
149, 7340803
List the prime factors of 28380289.
7, 113, 35879
List the prime factors of 265336026.
2, 3, 19, 2327509
What are the prime factors of 289901356?
2, 43, 1685473
What are the prime factors of 5880749601?
3, 29, 67594823
What are the prime factors of 68967763?
68967763
What are the prime factors of 2173407711?
3, 724469237
List the prime factors of 74899052.
2, 257, 72859
What are the prime factors of 301834881?
3, 17, 1972777
List the prime factors of 8793935432.
2, 167, 6582287
List the prime factors of 62138018.
2, 19, 839, 1949
List the prime factors of 1855270350.
2, 3, 5, 17, 242519
List the prime factors of 116550865.
5, 23310173
List the prime factors of 417093328.
2, 41, 635813
List the prime factors of 1808877360.
2, 3, 5, 41, 183829
List the prime factors of 786620971.
23677, 33223
List the prime factors of 153822464.
2, 227, 2647
List the prime factors of 1202934633.
3, 31, 417251
List the prime factors of 390637950.
2, 3, 5, 2604253
List the prime factors of 84849658.
2, 37, 61, 18797
List the prime factors of 1034411557.
577, 1049, 1709
List the prime factors of 5762644777.
31, 185891767
What are the prime factors of 668887844?
2, 167221961
What are the prime factors of 48695886?
2, 3, 59, 45853
List the prime factors of 2216832684.
2, 3, 11, 16794187
List the prime factors of 11675609.
11, 37, 28687
List the prime factors of 324558039.
3, 13, 8322001
What are the prime factors of 544379806?
2, 4517, 60259
What are the prime factors of 15173697?
3, 7, 11, 65687
What are the prime factors of 71549221?
71549221
List the prime factors of 73772931.
3, 37, 664621
List the prime factors of 1113630213.
3, 61, 107, 56873
What are the prime factors of 8275710?
2, 3, 5, 311, 887
What are the prime factors of 199087030?
2, 5, 29, 137, 5011
What are the prime factors of 3139937367?
3, 7, 149520827
List the prime factors of 310227613.
71, 433, 10091
List the prime factors of 494443742.
2, 13, 17, 23, 2861
List the prime factors of 3975911162.
2, 1987955581
What are the prime factors of 496940097?
3, 613, 270223
What are the prime factors of 17267124?
2, 3, 7, 19, 31, 349
List the prime factors of 1409254104.
2, 3, 58718921
List the prime factors of 2594510924.
2, 397, 1633823
List the prime factors of 6479235.
3, 5, 7, 67, 307
List the prime factors of 312359573.
23, 1033, 13147
What are the prime factors of 101802526?
2, 7, 7271609
List the prime factors of 433723180.
2, 5, 11, 1971469
List the prime factors of 31724694.
2, 3, 211, 8353
List the prime factors of 399606457.
29, 13779533
What are the prime factors of 8616274613?
8616274613
List the prime factors of 1006704205.
5, 13, 1013, 15289
List the prime factors of 210488589.
3, 23387621
What are the prime factors of 130624089?
3, 43541363
List the prime factors of 96481198.
2, 11, 4385509
What are the prime factors of 3851885858?
2, 20749, 92821
What are the prime factors of 756560212?
2, 189140053
List the prime factors of 74854136.
2, 7, 463, 2887
What are the prime factors of 741138276?
2, 3, 61761523
What are the prime factors of 1148984445?
3, 5, 7, 149, 271
List the prime factors of 58832458.
2, 41, 137, 5237
List the prime factors of 300674272.
2, 9396071
What are the prime factors of 125891578?
2, 83, 758383
List the prime factors of 16721502.
2, 3, 7, 359, 1109
List the prime factors of 5632633239.
3, 17, 19, 1361, 4271
What are the prime factors of 293793013?
293793013
What are the prime factors of 304828300?
2, 5, 7, 443, 983
List the prime factors of 133467972.
2, 3, 11, 79, 12799
What are the prime factors of 2542717184?
2, 7, 89, 107, 149
List the prime factors of 2724418755.
3, 5, 1087, 55697
What are the prime factors of 591230654?
2, 7, 42230761
What are the prime factors of 69990106?
2, 34995053
List the prime factors of 16744802.
2, 43, 194707
What are the prime factors of 4525119008?
2, 1229, 115061
List the prime factors of 3407741021.
3407741021
What are the prime factors of 20725829?
23, 829, 1087
What are the prime factors of 18619265?
5, 7, 75997
What are the prime factors of 2064741?
3, 7, 98321
List the prime factors of 718002201.
3, 7, 23, 1486547
List the prime factors of 658677895.
5, 131735579
List the prime factors of 6683530504.
2, 7, 1637, 72907
What are the prime factors of 86478859?
7907, 10937
List the prime factors of 17567599.
7, 521, 4817
List the prime factors of 5594027335.
5, 13, 103, 835553
What are the prime factors of 361054410?
2, 3, 5, 691, 17417
List the prime factors of 211802205.
3, 5, 14120147
List the prime factors of 347980670.
2, 5, 4931, 7057
List the prime factors of 27839558.
2, 13919779
What are the prime factors of 378327365?
5, 13, 5820421
What are the prime factors of 6466566220?
2, 5, 37, 379, 23057
List the prime factors of 34052587.
34052587
What are the prime factors of 33503293?
4813, 6961
What are the prime factors of 1479960315?
3, 5, 1873, 1951
List the prime factors of 41896040.
2, 5, 499, 2099
What are the prime factors of 2274782557?
11279, 201683
What are the prime factors of 74204711?
7, 17, 41, 67, 227
List the prime factors of 371586960.
2, 3, 5, 172031
List the prime factors of 1045553670.
2, 3, 5, 7, 2927
What are the prime factors of 92615485?
5, 101, 183397
List the prime factors of 220009608.
2, 3, 7, 13, 41
What are the prime factors of 205950131?
5479, 37589
List the prime factors of 334193432.
2, 19, 113, 19457
What are the prime factors of 685002949?
41, 113, 147853
List the prime factors of 23501773.
23501773
What are the prime factors of 137064504?
2, 3, 149, 38329
List the prime factors of 52263698.
2, 26131849
What are the prime factors of 173835030?
2, 3, 5, 17, 281, 1213
What are the prime factors of 4814278501?
17, 19, 67, 222461
List the prime factors of 5540274305.
5, 2423, 457307
What are the prime factors of 6107210822?
2, 3053605411
What are the prime factors of 117006871?
461, 253811
List the prime factors of 51388181.
13, 3952937
List the prime factors of 3163776166.
2, 19963, 79241
What are the prime factors of 27213926?
2, 43, 67, 4723
List the prime factors of 86100741.
3, 277, 34537
What are the prime factors of 248589939?
3, 13, 19, 37, 9067
What are the prime factors of 1077539?
1077539
What are the prime factors of 18092783?
61, 179, 1657
List the prime factors of 290006168.
2, 47, 771293
List the prime factors of 378058192.
2, 23628637
List the prime factors of 176898501.
3, 13, 1511953
List the prime factors of 3777698840.
2, 5, 3761, 25111
List the prime factors of 718457926.
2, 457, 786059
List the prime factors of 10209642.
2, 3, 1701607
List the prime factors of 2357331783.
3, 785777261
What are the prime factors of 3973685575?
5, 541, 293803
What are the prime factors of 387060505?
5, 13, 17, 350281
What are the prime factors of 119866548?
2, 3, 9988879
List the prime factors of 763419617.
763419617
What are the prime factors of 1218756952?
2, 7, 21763517
What are the prime factors of 1544967761?
103, 14999687
List the prime factors of 55794361.
7, 1213, 6571
List the prime factors of 4819929800.
2, 5, 7, 3442807
What are the prime factors of 32780608?
2, 7, 10453
What are the prime factors of 4920234761?
13, 227, 1667311
What are the prime factors of 385357149?
3, 313, 45599
What are the prime factors of 2649569617?
23, 229, 571, 881
What are the prime factors of 28455975?
3, 5, 42157
List the prime factors of 1345838195.
5, 13, 20705203
What are the prime factors of 170323240?
2, 5, 4258081
What are the prime factors of 5402475348?
2, 3, 47, 653, 14669
What are the prime factors of 87646880?
2, 5, 241, 2273
List the prime factors of 223290664.
2, 27911333
What are the prime factors of 81074723?
81074723
What are the prime factors of 42170242?
2, 773, 27277
What are the prime factors of 12972101?
97, 133733
List the prime factors of 4377020.
2, 5, 89, 2459
What are the prime fa